{"id":1145,"date":"2024-11-20T15:44:05","date_gmt":"2024-11-20T14:44:05","guid":{"rendered":"https:\/\/schwerereiter.de\/?page_id=1145"},"modified":"2026-04-08T17:47:29","modified_gmt":"2026-04-08T15:47:29","slug":"menschen","status":"publish","type":"page","link":"https:\/\/schwerereiter.de\/?page_id=1145","title":{"rendered":"Menschen"},"content":{"rendered":"<p>[et_pb_section fb_built=&#8220;1&#8243; admin_label=&#8220;Header&#8220; _builder_version=&#8220;4.27.0&#8243; _module_preset=&#8220;default&#8220; background_color=&#8220;#EDF000&#8243; collapsed=&#8220;on&#8220; global_colors_info=&#8220;{}&#8220;][et_pb_row _builder_version=&#8220;4.20.0&#8243; _module_preset=&#8220;default&#8220; width=&#8220;90%&#8220; max_width=&#8220;none&#8220; global_colors_info=&#8220;{}&#8220;][et_pb_column type=&#8220;4_4&#8243; _builder_version=&#8220;4.20.0&#8243; _module_preset=&#8220;default&#8220; global_colors_info=&#8220;{}&#8220;][et_pb_text _builder_version=&#8220;4.20.0&#8243; _module_preset=&#8220;8b1bfa26-8757-41f9-93b3-90ad0024916d&#8220; header_font_size=&#8220;10vw&#8220; global_colors_info=&#8220;{}&#8220;]<\/p>\n<h1>Menschen<\/h1>\n<p>[\/et_pb_text][\/et_pb_column][\/et_pb_row][\/et_pb_section][et_pb_section fb_built=&#8220;1&#8243; admin_label=&#8220;Event Schedule&#8220; _builder_version=&#8220;4.27.2&#8243; _module_preset=&#8220;default&#8220; background_color=&#8220;#FFFFFF&#8220; border_color_all=&#8220;#000000&#8243; border_width_bottom=&#8220;8px&#8220; global_module=&#8220;1081&#8243; collapsed=&#8220;on&#8220; global_colors_info=&#8220;{}&#8220;][et_pb_row _builder_version=&#8220;4.27.2&#8243; _module_preset=&#8220;default&#8220; background_color=&#8220;RGBA(255,255,255,0)&#8220; border_style_all=&#8220;none&#8220; global_colors_info=&#8220;{}&#8220;][et_pb_column type=&#8220;4_4&#8243; _builder_version=&#8220;4.27.0&#8243; _module_preset=&#8220;default&#8220; global_colors_info=&#8220;{}&#8220;][et_pb_text _builder_version=&#8220;4.27.0&#8243; _module_preset=&#8220;9231db19-e570-405a-bb34-a9bc9fd19f6c&#8220; text_orientation=&#8220;right&#8220; custom_margin=&#8220;-47px|||||&#8220; text_orientation_tablet=&#8220;left&#8220; text_orientation_phone=&#8220;left&#8220; text_orientation_last_edited=&#8220;on|tablet&#8220; global_colors_info=&#8220;{}&#8220;][\/et_pb_text][et_pb_text _builder_version=&#8220;4.27.2&#8243; _module_preset=&#8220;43310929-c23d-4c26-894a-f9bf4bf92cb6&#8243; text_text_color=&#8220;#000000&#8243; header_text_color=&#8220;#000000&#8243; background_color=&#8220;RGBA(255,255,255,0)&#8220; custom_padding=&#8220;|||10px|false|false&#8220; border_style_all=&#8220;none&#8220; global_colors_info=&#8220;{}&#8220;]<\/p>\n<h2>K\u00fcnstlerische Leitung<\/h2>\n<p>[\/et_pb_text][et_pb_image src=&#8220;https:\/\/schwerereiter.de\/wp-content\/uploads\/2024\/12\/Gruppe-012_bearbeitet_c_Schramke.jpeg&#8220; title_text=&#8220;Gruppe-012_bearbeitet_c_Schramke&#8220; _builder_version=&#8220;4.27.4&#8243; _module_preset=&#8220;default&#8220; background_color=&#8220;rgba(0,0,0,0.25)&#8220; custom_padding=&#8220;0px|||||&#8220; global_colors_info=&#8220;{}&#8220;][\/et_pb_image][et_pb_text _builder_version=&#8220;4.27.4&#8243; _module_preset=&#8220;default&#8220; global_colors_info=&#8220;{}&#8220;]<\/p>\n<p style=\"text-align: right;\">Fotos auf dieser Seite \u00a9 Susanne Schramke<\/p>\n<p>[\/et_pb_text][et_pb_text _builder_version=&#8220;4.27.2&#8243; _module_preset=&#8220;default&#8220; custom_padding=&#8220;|10px||10px|false|false&#8220; global_colors_info=&#8220;{}&#8220;]<\/p>\n<p>Das k\u00fcnstlerische Programm am schwere reiter wird in den drei Sparten tanz, theater, musik durch die drei Partnerorganisationen <strong>Tanztendenz M\u00fcnchen e.V.<\/strong>, <strong>Pathos M\u00fcnchen e.V.<\/strong> und<strong> scope &#8211; Spielraum f\u00fcr aktuelle Musik<\/strong> verantwortet. Das k\u00fcnstlerische Leitungsteam v.l.n.r.: <strong>Judith Huber<\/strong> (PATHOS theater), <strong>Micha Purucker<\/strong> (Tanztendenz M\u00fcnchen), <strong>Jan Geiger<\/strong> (PATHOS theater), <strong>Christiane B\u00f6hnke-Geisse<\/strong> (scope \u2013 Spielraum f\u00fcr aktuelle Musik), <strong>Ingrid Kalka<\/strong> (Tanztendenz M\u00fcnchen).<\/p>\n<p>[\/et_pb_text][\/et_pb_column][\/et_pb_row][et_pb_row _builder_version=&#8220;4.27.2&#8243; _module_preset=&#8220;default&#8220; custom_margin=&#8220;|auto|-50px|auto||&#8220; border_style_all=&#8220;none&#8220; global_colors_info=&#8220;{}&#8220;][et_pb_column type=&#8220;4_4&#8243; _builder_version=&#8220;4.27.0&#8243; _module_preset=&#8220;default&#8220; global_colors_info=&#8220;{}&#8220;][et_pb_text _builder_version=&#8220;4.27.2&#8243; _module_preset=&#8220;43310929-c23d-4c26-894a-f9bf4bf92cb6&#8243; text_text_color=&#8220;#000000&#8243; background_color=&#8220;RGBA(255,255,255,0)&#8220; min_height=&#8220;30.8px&#8220; custom_padding=&#8220;||30px|10px|false|false&#8220; border_style_all=&#8220;none&#8220; border_width_top=&#8220;5px&#8220; global_colors_info=&#8220;{}&#8220;]<\/p>\n<h2>Produktionsleitung<\/h2>\n<p>[\/et_pb_text][\/et_pb_column][\/et_pb_row][et_pb_row column_structure=&#8220;1_3,1_3,1_3&#8243; _builder_version=&#8220;4.27.2&#8243; _module_preset=&#8220;default&#8220; custom_margin=&#8220;-27px|auto||auto||&#8220; border_color_all=&#8220;#000000&#8243; border_style_all=&#8220;none&#8220; border_style_right=&#8220;outset&#8220; border_style_bottom=&#8220;solid&#8220; border_style_left=&#8220;solid&#8220; global_colors_info=&#8220;{}&#8220;][et_pb_column type=&#8220;1_3&#8243; _builder_version=&#8220;4.27.0&#8243; _module_preset=&#8220;default&#8220; global_colors_info=&#8220;{}&#8220;][et_pb_team_member name=&#8220;Ingrid Kalka&#8220; position=&#8220;tanz&#8220; image_url=&#8220;https:\/\/schwerereiter.de\/wp-content\/uploads\/2024\/12\/IngridKalka-018_bearbeitet_c_Schramke.jpeg&#8220; _builder_version=&#8220;4.27.2&#8243; _module_preset=&#8220;default&#8220; position_font=&#8220;|800|||||||&#8220; custom_margin=&#8220;|||0px|false|false&#8220; custom_padding=&#8220;|||5px|false|false&#8220; global_colors_info=&#8220;{}&#8220;]<\/p>\n<p style=\"text-align: justify;\">Ingrid Kalka arbeitet seit \u00fcber 30 Jahren als Kulturmanagerin und Gesch\u00e4ftsf\u00fchrerin in einem k\u00fcnstlerischen Umfeld f\u00fcr verschiedene Tanz-Institutionen, -Festivals und -Vereine in M\u00fcnchen. 1998 im Rahmen ihrer T\u00e4tigkeit bei Joint Adventures Festivalmitarbeit bei der Tanzplattform sowie TANZWERKSTATT EUROPA. 2010 war sie Kuratorin der Sparte Tanz f\u00fcr die erste Ausgabe von RODEO, dem st\u00e4dtischen Festival f\u00fcr die freie Tanz- und Theaterszene in M\u00fcnchen.<\/p>\n<p style=\"text-align: justify;\">Seit \u00fcber 15 Jahren ist sie Gesch\u00e4ftsf\u00fchrerin bei Tanztendenz M\u00fcnchen e.V., einem Zusammenschluss von Choreograf*innen, der auch seit 2008 Mit-Initiator und Mit-Betreiber der drei Sparten-Spielst\u00e4tte schwere reiter ist.<\/p>\n<p style=\"text-align: justify;\"><span style=\"text-decoration: underline;\">kalka@tanztendenz.de<\/span><\/p>\n<p>[\/et_pb_team_member][\/et_pb_column][et_pb_column type=&#8220;1_3&#8243; _builder_version=&#8220;4.27.0&#8243; _module_preset=&#8220;default&#8220; global_colors_info=&#8220;{}&#8220;][et_pb_team_member name=&#8220;Katharina Denk&#8220; position=&#8220;theater&#8220; image_url=&#8220;https:\/\/schwerereiter.de\/wp-content\/uploads\/2024\/12\/KatharinaDenk-002_bearbeitet_c_Schramke.jpeg&#8220; _builder_version=&#8220;4.27.2&#8243; _module_preset=&#8220;default&#8220; position_font=&#8220;|800|||||||&#8220; border_style_right=&#8220;none&#8220; border_style_bottom=&#8220;none&#8220; border_style_left=&#8220;none&#8220; global_colors_info=&#8220;{}&#8220;]<\/p>\n<p style=\"text-align: justify;\">Katharina Denk studierte Dramaturgie an der LMU\/Theaterakademie. W\u00e4hrend des Studiums assistierte sie am Burgtheater, am Residenztheater und am G\u00e4rtnerplatz. Sie begleitete in dieser Zeit zahlreiche Akademieproduktionen als Dramaturgin und kn\u00fcpfte erste Kontaktpunkte mit der Freien Szene. Katharina Denk war Mitarbeiterin bei dem Studienbuch <em>55 Monologe f\u00fcr M\u00e4nner<\/em> und die <em>Kunst der Dramaturgie<\/em>, erschienen bei Henschel. Sp\u00e4ter arbeitete sie als Storyeditorin, dann als Lektorin f\u00fcr Film und Fernsehen, schlie\u00dflich als Juniorproducerin f\u00fcr eine Filmproduktion.\u00a0 Im Jahr 2018 war sie freie Produktionsleiterin f\u00fcr diverse K\u00fcnstler*innen und das Rodeo Festival und lehrte gleichzeitig als Dozentin an der Theaterakademie.<\/p>\n<p style=\"text-align: justify;\">Seit 2019 ist sie fester Teil des Pathos Theater Teams und somit auch des schwere reiter. Ihr berufliches Interesse zielt im Besonderen auf interdisziplin\u00e4re Projekte, weshalb sie das Drei-Sparten-Modell am schwere reiter und der damit verbundene selbstverst\u00e4ndliche Kontakt mit Kolleg*innen aus tanz und musik sehr sch\u00e4tzt. Ihre Rolle sieht Katharina dabei als Netzwerkerin, sie m\u00f6chte K\u00fcnstler*innen zusammenbringen, damit Neues entstehen kann. Als Produktionsleiterin ist sie Ansprechpartnerin f\u00fcr alle K\u00fcnstler*innen, die \u00fcber das Pathos Theater am schwere reiter produzieren. Katharina unterst\u00fctzt bei Fragen zu Konzeption, F\u00f6rderung, produktionstechnischer Machbarkeit\u2026<\/p>\n<p style=\"text-align: justify;\"><span style=\"text-decoration: underline;\">katharina.denk@pathos.theater<\/span><\/p>\n<p>[\/et_pb_team_member][\/et_pb_column][et_pb_column type=&#8220;1_3&#8243; _builder_version=&#8220;4.27.0&#8243; _module_preset=&#8220;default&#8220; global_colors_info=&#8220;{}&#8220;][et_pb_team_member name=&#8220;Christiane B\u00f6hnke-Geisse&#8220; position=&#8220;musik&#8220; image_url=&#8220;https:\/\/schwerereiter.de\/wp-content\/uploads\/2024\/12\/ChristianeBoehnke-Geisse-002_bearbeitet_c_schramke.jpeg&#8220; _builder_version=&#8220;4.27.2&#8243; _module_preset=&#8220;default&#8220; position_font=&#8220;|800|||||||&#8220; custom_padding=&#8220;|5px|||false|false&#8220; global_colors_info=&#8220;{}&#8220;]<\/p>\n<p style=\"text-align: justify;\">Geboren und aufgewachsen in NRW. Als Kind mit Blockfl\u00f6te und Vaters Tonbandger\u00e4t mit Mikrophon unterwegs. Fachabitur Sozialwesen, Ausbildung zur Krankenschwester. 1985 Umzug nach M\u00fcnchen. Intensive Besch\u00e4ftigung mit Jazz und zeitgen\u00f6ssischer Musik. T\u00e4tigkeit f\u00fcr diverse Jazz-Plattenlabel, erste selbst organisierte Konzertreihe, mehrfache Aufenthalte in New York. 1989 \u2013 2014 k\u00fcnstlerische Leitung im Jazzclub Unterfahrt. Auszeichnungen: 2007 Bayerischer Jazzpreis, 2012 Musikpreis der Landeshauptstadt M\u00fcnchen (f\u00fcr den Jazzclub Unterfahrt), 2012 ECHO Jazz. Ab 2014 freiberufliche T\u00e4tigkeiten u.a. f\u00fcr die Initiative Musik. Ab 2016 k\u00fcnstlerische Leitung f\u00fcr Bingen swingt.<\/p>\n<p style=\"text-align: justify;\">Seit 2019 verantwortet Christiane B\u00f6hnke-Geisse als Leitung von scope \u2013 Spielraum f\u00fcr aktuelle Musik nicht nur das musikalische Programm des schwere reiter, sondern ist in dieser Funktion auch f\u00fcr Presseanfragen, G\u00e4stebetreuung und Produktionsleitung der Sparte zust\u00e4ndig.<\/p>\n<p style=\"text-align: justify;\">Was andere vielleicht \u00fcberfordern w\u00fcrde, sch\u00e4tzt Christiane: Als Kuratorin, Verwalterin und Kommunikatorin in Personalunion hat sie besonders intensiven Kontakt zu allen K\u00fcnstler*innen, ist somit gut vernetzt und macht das schwere reiter zu einem HotSpot der Neuen Musik \u2013 in M\u00fcnchen und \u00fcber seine Grenzen hinaus.<\/p>\n<p style=\"text-align: justify;\"><span style=\"text-decoration: underline;\">cbg@scope-muenchen.de<\/span><\/p>\n<p>&nbsp;<\/p>\n<p>[\/et_pb_team_member][\/et_pb_column][\/et_pb_row][et_pb_row _builder_version=&#8220;4.27.2&#8243; _module_preset=&#8220;default&#8220; global_colors_info=&#8220;{}&#8220;][et_pb_column type=&#8220;4_4&#8243; _builder_version=&#8220;4.27.2&#8243; _module_preset=&#8220;default&#8220; global_colors_info=&#8220;{}&#8220;][et_pb_text _builder_version=&#8220;4.27.2&#8243; _module_preset=&#8220;43310929-c23d-4c26-894a-f9bf4bf92cb6&#8243; text_text_color=&#8220;#000000&#8243; background_color=&#8220;RGBA(255,255,255,0)&#8220; min_height=&#8220;30.8px&#8220; custom_margin=&#8220;||-19px|||&#8220; custom_padding=&#8220;||30px|10px|false|false&#8220; border_style_right=&#8220;none&#8220; global_colors_info=&#8220;{}&#8220;]<\/p>\n<h2>Veranstaltungstechnik<\/h2>\n<p>[\/et_pb_text][\/et_pb_column][\/et_pb_row][et_pb_row _builder_version=&#8220;4.27.2&#8243; _module_preset=&#8220;default&#8220; custom_margin=&#8220;-31px|auto||auto|false|false&#8220; custom_padding=&#8220;|5px||5px|false|false&#8220; border_style_all=&#8220;none&#8220; border_width_right=&#8220;5px&#8220; border_width_left=&#8220;5px&#8220; border_color_left=&#8220;#000000&#8243; global_colors_info=&#8220;{}&#8220;][et_pb_column type=&#8220;4_4&#8243; _builder_version=&#8220;4.27.0&#8243; _module_preset=&#8220;default&#8220; global_colors_info=&#8220;{}&#8220;][et_pb_team_member name=&#8220;Rouven Bankauf&#8220; position=&#8220;Technische Leitung&#8220; image_url=&#8220;https:\/\/schwerereiter.de\/wp-content\/uploads\/2024\/12\/RouvenBankauf-018_bearbeitet_c_Schramke.jpeg&#8220; _builder_version=&#8220;4.27.2&#8243; _module_preset=&#8220;default&#8220; position_font=&#8220;|800|||||||&#8220; global_colors_info=&#8220;{}&#8220;]<\/p>\n<p style=\"text-align: justify;\">Rouven Bankauf ist nicht nur seit 2010 Meister f\u00fcr Veranstaltungstechnik, sondern auch gelernter Zimmerer. Langj\u00e4hrige Arbeit als Messetechniker.<\/p>\n<p style=\"text-align: justify;\">Am schwere reiter ist er seit 2022 als technischer Leiter t\u00e4tig. In dieser Funktion m\u00f6chte er einen m\u00f6glichst reibungslosen technischen Ablauf f\u00fcr die K\u00fcnstler*innen gew\u00e4hrleisten, damit die gastierenden Teams konzentriert an der Umsetzung ihrer Produktionen arbeiten k\u00f6nnen. Das breite k\u00fcnstlerische Spektrum der Produktionen und die damit einhergehenden stets variierenden technischen Anforderungen empfindet er nicht als Anstrengung, sondern als spannende Herausforderung.<\/p>\n<p style=\"text-align: justify;\">Bei allen technischen Fragen rund um Haus und Veranstaltungen ist Rouven der richtige Ansprechpartner.<\/p>\n<p style=\"text-align: justify;\"><span style=\"text-decoration: underline;\">bankauf@schwerereiter.de<\/span><\/p>\n<p>[\/et_pb_team_member][\/et_pb_column][\/et_pb_row][et_pb_row _builder_version=&#8220;4.27.2&#8243; _module_preset=&#8220;default&#8220; custom_margin=&#8220;|auto|-50px|auto||&#8220; global_colors_info=&#8220;{}&#8220;][et_pb_column type=&#8220;4_4&#8243; _builder_version=&#8220;4.27.0&#8243; _module_preset=&#8220;default&#8220; global_colors_info=&#8220;{}&#8220;][et_pb_text _builder_version=&#8220;4.27.2&#8243; _module_preset=&#8220;43310929-c23d-4c26-894a-f9bf4bf92cb6&#8243; text_text_color=&#8220;#000000&#8243; background_color=&#8220;RGBA(255,255,255,0)&#8220; min_height=&#8220;30.8px&#8220; custom_padding=&#8220;||30px|10px|false|false&#8220; border_style_right=&#8220;none&#8220; global_colors_info=&#8220;{}&#8220;]<\/p>\n<h2>Administration, Veranstaltungen und Kommunikation<\/h2>\n<p>[\/et_pb_text][\/et_pb_column][\/et_pb_row][et_pb_row column_structure=&#8220;1_2,1_2&#8243; _builder_version=&#8220;4.27.2&#8243; _module_preset=&#8220;default&#8220; custom_padding=&#8220;|5px||5px|false|false&#8220; border_style_all=&#8220;none&#8220; border_width_right=&#8220;5px&#8220; border_width_left=&#8220;5px&#8220; global_colors_info=&#8220;{}&#8220;][et_pb_column type=&#8220;1_2&#8243; _builder_version=&#8220;4.27.0&#8243; _module_preset=&#8220;default&#8220; global_colors_info=&#8220;{}&#8220;][et_pb_team_member name=&#8220;Louisa Franssen&#8220; position=&#8220;Administration + Veranstaltungsorganisation&#8220; image_url=&#8220;https:\/\/schwerereiter.de\/wp-content\/uploads\/2024\/12\/LouisaFranssen-024_bearbeitet_c_Schramke.jpeg&#8220; image_url_tablet=&#8220;&#8220; image_url_phone=&#8220;&#8220; image_url_last_edited=&#8220;on|desktop&#8220; _builder_version=&#8220;4.27.2&#8243; _module_preset=&#8220;default&#8220; position_font=&#8220;|800|||||||&#8220; global_colors_info=&#8220;{}&#8220; image_url__hover_enabled=&#8220;off|desktop&#8220;]<\/p>\n<p style=\"text-align: justify;\">Geboren und aufgewachsen in Mainz. Mit vier Jahren erste Tanzschritte im Studio ihrer Mutter. FSJ Kultur am Theater. 2016 Ausbildung als Diplom-Tanzp\u00e4dagogin an der Iwanson International &#8211; School of Contemporary Dance in M\u00fcnchen. Seitdem unterrichtet sie in den F\u00e4chern Jazz, Modern\/Zeitgen\u00f6ssisch und Kindertanz. Au\u00dferdem ausgebildete kaufm\u00e4nnische Veranstaltungskauffrau.<\/p>\n<p style=\"text-align: justify;\">Im schwere reiter ist sie seit Anfang 2022 die Ansprechpartnerin in Sachen Studioanmietung und -nutzung, Barorganisation und -personal sowie f\u00fcr generelle organisatorische Fragen zum Haus. Louisa m\u00f6chte die Ressourcen und M\u00f6glichkeiten des schwere reiter f\u00fcr K\u00fcnstler*innen der freien Szene so gut wie m\u00f6glich aussch\u00f6pfen und anpassen, sodass es ein Ort der kreativen Offenheit und Begegnung bleiben kann, an dem gerne und auf hohem k\u00fcnstlerischen Niveau gearbeitet wird.<\/p>\n<p style=\"text-align: justify;\"><span style=\"text-decoration: underline;\">franssen@schwerereiter.de<\/span><\/p>\n<p>[\/et_pb_team_member][\/et_pb_column][et_pb_column type=&#8220;1_2&#8243; _builder_version=&#8220;4.27.0&#8243; _module_preset=&#8220;default&#8220; global_colors_info=&#8220;{}&#8220;][et_pb_team_member name=&#8220;Anna Maria Zimmermann&#8220; position=&#8220;Kommunikation&#8220; image_url=&#8220;https:\/\/schwerereiter.de\/wp-content\/uploads\/2024\/12\/AnnaMariaZimmermann-014_bearbeitet_c_schramke.jpeg&#8220; _builder_version=&#8220;4.27.2&#8243; _module_preset=&#8220;default&#8220; position_font=&#8220;|800|||||||&#8220; global_colors_info=&#8220;{}&#8220;]<\/p>\n<p style=\"text-align: justify;\">Geboren und aufgewachsen in M\u00fcnchen und am Ammersee. Studium der Theaterwissenschaft, Kunstgeschichte und Philosophie in Berlin und Leipzig. Praktika und Assistenzen an verschiedenen deutschen Theatern wie der Schaub\u00fchne Berlin und dem Residenztheater M\u00fcnchen sowie an den Goethe-Instituten Kolumbien und Mexiko. Theaterjournalistische T\u00e4tigkeiten f\u00fcr verschiedene Formate.<\/p>\n<p style=\"text-align: justify;\">Am schwere reiter ist sie seit M\u00e4rz 2023 verantwortlich f\u00fcr den Bereich Kommunikation und \u00d6ffentlichkeitsarbeit. Beides f\u00e4ngt f\u00fcr sie nicht erst im Au\u00dfen an, sondern beginnt im internen Team. Deshalb liegt ihr Fokus sowohl auf einer konstruktiven Verst\u00e4ndigung zwischen den diversen Akteur*innen des schwere reiter als auch einer verst\u00e4ndlichen Vermittlung des interdisziplin\u00e4ren Ansatzes des Hauses sowie der k\u00fcnstlerischen Handschriften an die Stadtgesellschaft. Anna Maria ist Ansprechpartnerin bei allen Fragen rund um Newsletter, social media, Webseite, Printmedien usw.<\/p>\n<p style=\"text-align: justify;\"><span style=\"text-decoration: underline;\">zimmermann@schwerereiter.de<\/span><\/p>\n<p>[\/et_pb_team_member][\/et_pb_column][\/et_pb_row][et_pb_row _builder_version=&#8220;4.27.2&#8243; _module_preset=&#8220;default&#8220; custom_padding=&#8220;|5px||5px|false|false&#8220; border_style_all=&#8220;none&#8220; border_width_right=&#8220;5px&#8220; border_color_right=&#8220;#000000&#8243; border_width_bottom=&#8220;5px&#8220; border_color_bottom=&#8220;#000000&#8243; border_width_left=&#8220;5px&#8220; border_color_left=&#8220;#000000&#8243; global_colors_info=&#8220;{}&#8220;][et_pb_column type=&#8220;4_4&#8243; _builder_version=&#8220;4.27.0&#8243; _module_preset=&#8220;default&#8220; global_colors_info=&#8220;{}&#8220;][et_pb_team_member name=&#8220;Andreas Schlegel&#8220; position=&#8220;Gesch\u00e4ftsf\u00fchrung&#8220; image_url=&#8220;https:\/\/schwerereiter.de\/wp-content\/uploads\/2024\/12\/AndreasSchlegel-016_bearbeitet.jpeg&#8220; linkedin_url=&#8220;https:\/\/de.linkedin.com\/in\/andreas-schlegel-12686527b&#8220; _builder_version=&#8220;4.27.2&#8243; _module_preset=&#8220;default&#8220; position_font=&#8220;|800|||||||&#8220; global_colors_info=&#8220;{}&#8220;]<\/p>\n<p><span>Geboren in Bad-T\u00f6lz, aufgewachsen in M\u00fcnchen und dem Umland. <\/span><span>Nach Musikstudium (Dirigieren), eigener k\u00fcnstlerischer T\u00e4tigkeit und Arbeit f\u00fcr eine K\u00fcnstleragentur schlie\u00dflich hinter die Kulissen gedriftet<\/span>. <span>Ausbildung in Systemischer Beratung und Organisationsentwicklung und Weiterbildung Theatermanagement an der LMU.<\/span> <span>Seit 2019 ist Andreas in der kaufm\u00e4nnischen Gesch\u00e4ftsleitung von Kulturorganisationen t\u00e4tig.<\/span> <span>Schwerpunkt seiner Interessen und Expertise sind neben den kulturpolitischen Aspekten der Leitung einer Kulturorganisation juristische Fragen, betriebswirtschaftliche Steuerung von Kulturbetrieben, Fundraising und \u00d6ffentlichkeitsarbeit<\/span>. Er ist u.a. <span>Mitglied der kulturpolitischen Gesellschaft, Vorstandsmitglied des Labor M\u00fcnchen &#8211; Kollaboration Kunst, Kultur, Bildung und soziales e.V. und engagiert sich bei Die Vielen. Im flausen+ Netzwerk \u00fcbernimmt er regelm\u00e4\u00dfig die Leitung von Panels zu den Themen Finanzierung und Fragen der \u00d6ffentlichkeit von Theatern.\u00a0<\/span><\/p>\n<p><span>Das schwere reiter vertritt er seit Februar 2022 als Gesch\u00e4ftsf\u00fchrer. In dieser Funktion m\u00f6chte er das Haus nachhaltig in die Zukunft zu f\u00fchren \u2013 als einen Qualit\u00e4ts-Raum, der Freude macht: f\u00fcr die Kunst, f\u00fcr die Arbeit, f\u00fcr die G\u00e4ste. Was ihn umtreibt: wie das schwere reiter als<\/span> <span>Kulturbau in die Stadt wirkt, welche Rolle die Organisation in den gesellschaftlichen Umbr\u00fcchen spielen soll oder muss, wie nachhaltiges Arbeiten gelingen und wie Diversit\u00e4t gelebt werden kann. Den Standort mitten im Kreativquartier empfindet er als gro\u00dfes Privileg, ebenso die vielf\u00e4ltige Nutbarkeit des Geb\u00e4udes mit seiner einzigartigen \u00c4sthetik.<\/span><\/p>\n<p><span style=\"text-decoration: underline;\">schlegel@schwerereiter.de<\/span><\/p>\n<p>[\/et_pb_team_member][et_pb_divider show_divider=&#8220;off&#8220; _builder_version=&#8220;4.27.2&#8243; _module_preset=&#8220;default&#8220; global_colors_info=&#8220;{}&#8220;][\/et_pb_divider][et_pb_team_member name=&#8220;Elton&#8220; position=&#8220;Hund&#8220; image_url=&#8220;https:\/\/schwerereiter.de\/wp-content\/uploads\/2024\/12\/Elton-001_bearbeitet_c_Schramke.jpeg&#8220; _builder_version=&#8220;4.27.4&#8243; _module_preset=&#8220;default&#8220; position_font=&#8220;|800|||||||&#8220; border_style_all=&#8220;none&#8220; global_colors_info=&#8220;{}&#8220;]<\/p>\n<p>Einfach wau!<\/p>\n<p>[\/et_pb_team_member][\/et_pb_column][\/et_pb_row][et_pb_row _builder_version=&#8220;4.27.2&#8243; _module_preset=&#8220;default&#8220; border_style_all=&#8220;none&#8220; global_colors_info=&#8220;{}&#8220;][et_pb_column type=&#8220;4_4&#8243; _builder_version=&#8220;4.27.0&#8243; _module_preset=&#8220;default&#8220; global_colors_info=&#8220;{}&#8220;][et_pb_divider show_divider=&#8220;off&#8220; _builder_version=&#8220;4.27.2&#8243; _module_preset=&#8220;default&#8220; global_colors_info=&#8220;{}&#8220;][\/et_pb_divider][\/et_pb_column][\/et_pb_row][\/et_pb_section]<\/p>\n","protected":false},"excerpt":{"rendered":"<p>MenschenK\u00fcnstlerische LeitungFotos auf dieser Seite \u00a9 Susanne SchramkeDas k\u00fcnstlerische Programm am schwere reiter wird in den drei Sparten tanz, theater, musik durch die drei Partnerorganisationen Tanztendenz M\u00fcnchen e.V., Pathos M\u00fcnchen [&hellip;]<\/p>\n","protected":false},"author":2,"featured_media":0,"parent":0,"menu_order":0,"comment_status":"closed","ping_status":"closed","template":"","meta":{"_et_pb_use_builder":"on","_et_pb_old_content":"","_et_gb_content_width":"","footnotes":""},"class_list":["post-1145","page","type-page","status-publish","hentry"],"_links":{"self":[{"href":"https:\/\/schwerereiter.de\/index.php?rest_route=\/wp\/v2\/pages\/1145","targetHints":{"allow":["GET"]}}],"collection":[{"href":"https:\/\/schwerereiter.de\/index.php?rest_route=\/wp\/v2\/pages"}],"about":[{"href":"https:\/\/schwerereiter.de\/index.php?rest_route=\/wp\/v2\/types\/page"}],"author":[{"embeddable":true,"href":"https:\/\/schwerereiter.de\/index.php?rest_route=\/wp\/v2\/users\/2"}],"replies":[{"embeddable":true,"href":"https:\/\/schwerereiter.de\/index.php?rest_route=%2Fwp%2Fv2%2Fcomments&post=1145"}],"version-history":[{"count":34,"href":"https:\/\/schwerereiter.de\/index.php?rest_route=\/wp\/v2\/pages\/1145\/revisions"}],"predecessor-version":[{"id":8303,"href":"https:\/\/schwerereiter.de\/index.php?rest_route=\/wp\/v2\/pages\/1145\/revisions\/8303"}],"wp:attachment":[{"href":"https:\/\/schwerereiter.de\/index.php?rest_route=%2Fwp%2Fv2%2Fmedia&parent=1145"}],"curies":[{"name":"wp","href":"https:\/\/api.w.org\/{rel}","templated":true}]}}