{"id":3028,"date":"2025-02-17T12:36:36","date_gmt":"2025-02-17T11:36:36","guid":{"rendered":"https:\/\/schwerereiter.de\/?page_id=3028"},"modified":"2026-01-29T17:27:46","modified_gmt":"2026-01-29T16:27:46","slug":"3028-2","status":"publish","type":"page","link":"https:\/\/schwerereiter.de\/?page_id=3028","title":{"rendered":"Ko-Labor"},"content":{"rendered":"<p>[et_pb_section fb_built=&#8220;1&#8243; _builder_version=&#8220;4.27.4&#8243; _module_preset=&#8220;default&#8220; global_colors_info=&#8220;{}&#8220;][et_pb_row _builder_version=&#8220;4.27.4&#8243; _module_preset=&#8220;default&#8220; global_colors_info=&#8220;{}&#8220;][et_pb_column type=&#8220;4_4&#8243; _builder_version=&#8220;4.27.4&#8243; _module_preset=&#8220;default&#8220; global_colors_info=&#8220;{}&#8220;][et_pb_heading title=&#8220;Ko-Labor im schwere reiter&#8220; _builder_version=&#8220;4.27.4&#8243; _module_preset=&#8220;default&#8220; title_font=&#8220;Bebas Neue||||||||&#8220; title_font_size=&#8220;80px&#8220; global_colors_info=&#8220;{}&#8220;][\/et_pb_heading][et_pb_heading title=&#8220;Begegnung, Austausch, Einf\u00fchrung und Nachgespr\u00e4che \u2013 zu Gast bei den K\u00fcnstler*innen&#8220; _builder_version=&#8220;4.27.4&#8243; _module_preset=&#8220;default&#8220; title_level=&#8220;h2&#8243; title_font=&#8220;Bebas Neue||||||||&#8220; global_colors_info=&#8220;{}&#8220;][\/et_pb_heading][et_pb_text _builder_version=&#8220;4.27.4&#8243; _module_preset=&#8220;default&#8220; text_font_size=&#8220;17px&#8220; text_orientation=&#8220;justified&#8220; global_colors_info=&#8220;{}&#8220;]<\/p>\n<p><strong>FR\u00dcHER KOMMEN \u2013 L\u00c4NGER BLEIBEN! Zusammen mit den K\u00fcnstler*innen kann das Publikum schon vor dem Konzert gedanklich in die Musik eintauchen, und im Anschluss auf der Coda-Couch mit anderen ins Gespr\u00e4ch kommen. Alles zwanglos, daf\u00fcr umso pers\u00f6nlicher.<\/strong><\/p>\n<p>Die M\u00fcnchner Szene der zeitgen\u00f6ssischen Musik hat einen zentralen Ort in der Stadt: das schwere reiter ist nicht nur Heimat f\u00fcr avancierte und vielf\u00e4ltige Konzertprogramme, sondern auch st\u00e4ndiger Treffpunkt f\u00fcr viele Akteur*innen und ein neugieriges Publikum. Weil f\u00fcr das Publikum ein Konzerterlebnis bekanntlich nicht erst mit dem ersten Ton beginnt, sondern bereits mit Betreten des Foyers, schenken die K\u00fcnstler*innen bei insgesamt 7 Konzerten dem Konzertrahmen besondere Aufmerksamkeit: ob inhaltlich-vermittelnde Einf\u00fchrungsformate, interdisziplin\u00e4re und interaktive Formen oder die Herstellung einer Wohnzimmeratmosph\u00e4re, in der sich K\u00fcnstler*innen und Publikum \u00fcber das Erlebte austauschen k\u00f6nnen.<\/p>\n<p><span><\/span><\/p>\n<p>[\/et_pb_text][et_pb_text _builder_version=&#8220;4.27.4&#8243; _module_preset=&#8220;default&#8220; hover_enabled=&#8220;0&#8243; global_colors_info=&#8220;{}&#8220; sticky_enabled=&#8220;0&#8243;]<\/p>\n<p>17.04.2026<br \/>mit Masako Ohta, Yamil\u00e9 Cruz Montero und Ksenia Mykhailova<\/p>\n<p>21.04.2026<br \/>mit Marina Schlagintweit<\/p>\n<p>[\/et_pb_text][et_pb_heading title=&#8220;In Kooperation mit&#8220; _builder_version=&#8220;4.27.4&#8243; _module_preset=&#8220;default&#8220; title_font=&#8220;Bebas Neue||||||||&#8220; custom_margin=&#8220;40px||-20px||false|false&#8220; global_colors_info=&#8220;{}&#8220;][\/et_pb_heading][\/et_pb_column][\/et_pb_row][et_pb_row column_structure=&#8220;1_2,1_2&#8243; _builder_version=&#8220;4.27.4&#8243; _module_preset=&#8220;default&#8220; global_colors_info=&#8220;{}&#8220;][et_pb_column type=&#8220;1_2&#8243; _builder_version=&#8220;4.27.4&#8243; _module_preset=&#8220;default&#8220; global_colors_info=&#8220;{}&#8220;][et_pb_image src=&#8220;https:\/\/schwerereiter.de\/wp-content\/uploads\/2025\/02\/20240630_Musikbu\u2560eroMuc_Horizontal-Bunt.png&#8220; title_text=&#8220;20240630_Musikbu\u2560\u00earoMuc_Horizontal Bunt&#8220; url=&#8220;https:\/\/musikbueromuc.de\/&#8220; _builder_version=&#8220;4.27.4&#8243; _module_preset=&#8220;default&#8220; width=&#8220;40%&#8220; global_colors_info=&#8220;{}&#8220;][\/et_pb_image][\/et_pb_column][et_pb_column type=&#8220;1_2&#8243; _builder_version=&#8220;4.27.4&#8243; _module_preset=&#8220;default&#8220; global_colors_info=&#8220;{}&#8220;][et_pb_image src=&#8220;https:\/\/schwerereiter.de\/wp-content\/uploads\/2025\/02\/190214_scope_Logo_cmyk.jpg&#8220; title_text=&#8220;190214_scope_Logo_cmyk&#8220; _builder_version=&#8220;4.27.4&#8243; _module_preset=&#8220;default&#8220; width=&#8220;40%&#8220; global_colors_info=&#8220;{}&#8220;][\/et_pb_image][\/et_pb_column][\/et_pb_row][\/et_pb_section][et_pb_section fb_built=&#8220;1&#8243; _builder_version=&#8220;4.27.4&#8243; _module_preset=&#8220;default&#8220; background_color=&#8220;#000000&#8243; global_colors_info=&#8220;{}&#8220;][et_pb_row column_structure=&#8220;1_2,1_4,1_4&#8243; _builder_version=&#8220;4.27.4&#8243; _module_preset=&#8220;default&#8220; global_colors_info=&#8220;{}&#8220;][et_pb_column type=&#8220;1_2&#8243; _builder_version=&#8220;4.27.4&#8243; _module_preset=&#8220;default&#8220; global_colors_info=&#8220;{}&#8220;][et_pb_image src=&#8220;https:\/\/schwerereiter.de\/wp-content\/uploads\/2025\/10\/haus_gefoerdert_weiss.png&#8220; title_text=&#8220;haus_gefoerdert_weiss&#8220; _builder_version=&#8220;4.27.4&#8243; _module_preset=&#8220;default&#8220; global_colors_info=&#8220;{}&#8220;][\/et_pb_image][\/et_pb_column][et_pb_column type=&#8220;1_4&#8243; _builder_version=&#8220;4.27.4&#8243; _module_preset=&#8220;default&#8220; global_colors_info=&#8220;{}&#8220;][et_pb_image src=&#8220;https:\/\/schwerereiter.de\/wp-content\/uploads\/2025\/10\/18-pt-Pfade-Stadtbezirksbudget-BA-4-weiss-auf-schwarz.jpg&#8220; title_text=&#8220;18-pt-Pfade-Stadtbezirksbudget-BA-4 wei\u00df auf schwarz&#8220; _builder_version=&#8220;4.27.4&#8243; _module_preset=&#8220;default&#8220; global_colors_info=&#8220;{}&#8220;][\/et_pb_image][\/et_pb_column][et_pb_column type=&#8220;1_4&#8243; _builder_version=&#8220;4.27.4&#8243; _module_preset=&#8220;default&#8220; global_colors_info=&#8220;{}&#8220;][et_pb_image src=&#8220;https:\/\/schwerereiter.de\/wp-content\/uploads\/2025\/10\/18-pt-Pfade-Stadtbezirksbudget-BA-9-weiss-auf-schwarz.jpg&#8220; title_text=&#8220;18-pt-Pfade-Stadtbezirksbudget-BA-9 wei\u00df auf schwarz&#8220; _builder_version=&#8220;4.27.4&#8243; _module_preset=&#8220;default&#8220; global_colors_info=&#8220;{}&#8220;][\/et_pb_image][\/et_pb_column][\/et_pb_row][et_pb_row column_structure=&#8220;1_3,1_3,1_3&#8243; _builder_version=&#8220;4.27.4&#8243; _module_preset=&#8220;default&#8220; global_colors_info=&#8220;{}&#8220;][et_pb_column type=&#8220;1_3&#8243; _builder_version=&#8220;4.27.4&#8243; _module_preset=&#8220;default&#8220; global_colors_info=&#8220;{}&#8220;][et_pb_image src=&#8220;https:\/\/schwerereiter.de\/wp-content\/uploads\/2025\/10\/Logo_DV_4-schwarz-auf-weiss.png&#8220; title_text=&#8220;Logo_DV_4 schwarz auf wei\u00df&#8220; _builder_version=&#8220;4.27.4&#8243; _module_preset=&#8220;default&#8220; global_colors_info=&#8220;{}&#8220;][\/et_pb_image][\/et_pb_column][et_pb_column type=&#8220;1_3&#8243; _builder_version=&#8220;4.27.4&#8243; _module_preset=&#8220;default&#8220; global_colors_info=&#8220;{}&#8220;][et_pb_image src=&#8220;https:\/\/schwerereiter.de\/wp-content\/uploads\/2025\/10\/cropped-MuechenIstKultur_Logo.png&#8220; title_text=&#8220;cropped-MuechenIstKultur_Logo&#8220; _builder_version=&#8220;4.27.4&#8243; _module_preset=&#8220;default&#8220; global_colors_info=&#8220;{}&#8220;][\/et_pb_image][\/et_pb_column][et_pb_column type=&#8220;1_3&#8243; _builder_version=&#8220;4.27.4&#8243; _module_preset=&#8220;default&#8220; global_colors_info=&#8220;{}&#8220;][et_pb_image src=&#8220;https:\/\/schwerereiter.de\/wp-content\/uploads\/2025\/10\/flausenlogo-weiss-auf-schwarz.jpg&#8220; title_text=&#8220;flausenlogo wei\u00df auf schwarz&#8220; _builder_version=&#8220;4.27.4&#8243; _module_preset=&#8220;default&#8220; global_colors_info=&#8220;{}&#8220;][\/et_pb_image][\/et_pb_column][\/et_pb_row][\/et_pb_section][et_pb_section fb_built=&#8220;1&#8243; fullwidth=&#8220;on&#8220; _builder_version=&#8220;4.27.4&#8243; _module_preset=&#8220;default&#8220; global_colors_info=&#8220;{}&#8220;][et_pb_fullwidth_menu menu_id=&#8220;11&#8243; _builder_version=&#8220;4.27.4&#8243; _module_preset=&#8220;default&#8220; menu_font_size=&#8220;19px&#8220; background_color=&#8220;gcid-secondary-color&#8220; text_orientation=&#8220;justified&#8220; global_colors_info=&#8220;{%22gcid-secondary-color%22:%91%22background_color%22%93}&#8220;][\/et_pb_fullwidth_menu][\/et_pb_section]<\/p>\n","protected":false},"excerpt":{"rendered":"<p>FR\u00dcHER KOMMEN \u2013 L\u00c4NGER BLEIBEN! Zusammen mit den K\u00fcnstler*innen kann das Publikum schon vor dem Konzert gedanklich in die Musik eintauchen, und im Anschluss auf der Coda-Couch mit anderen ins [&hellip;]<\/p>\n","protected":false},"author":2,"featured_media":0,"parent":0,"menu_order":0,"comment_status":"closed","ping_status":"closed","template":"","meta":{"_et_pb_use_builder":"on","_et_pb_old_content":"","_et_gb_content_width":"","footnotes":""},"class_list":["post-3028","page","type-page","status-publish","hentry"],"_links":{"self":[{"href":"https:\/\/schwerereiter.de\/index.php?rest_route=\/wp\/v2\/pages\/3028","targetHints":{"allow":["GET"]}}],"collection":[{"href":"https:\/\/schwerereiter.de\/index.php?rest_route=\/wp\/v2\/pages"}],"about":[{"href":"https:\/\/schwerereiter.de\/index.php?rest_route=\/wp\/v2\/types\/page"}],"author":[{"embeddable":true,"href":"https:\/\/schwerereiter.de\/index.php?rest_route=\/wp\/v2\/users\/2"}],"replies":[{"embeddable":true,"href":"https:\/\/schwerereiter.de\/index.php?rest_route=%2Fwp%2Fv2%2Fcomments&post=3028"}],"version-history":[{"count":8,"href":"https:\/\/schwerereiter.de\/index.php?rest_route=\/wp\/v2\/pages\/3028\/revisions"}],"predecessor-version":[{"id":7791,"href":"https:\/\/schwerereiter.de\/index.php?rest_route=\/wp\/v2\/pages\/3028\/revisions\/7791"}],"wp:attachment":[{"href":"https:\/\/schwerereiter.de\/index.php?rest_route=%2Fwp%2Fv2%2Fmedia&parent=3028"}],"curies":[{"name":"wp","href":"https:\/\/api.w.org\/{rel}","templated":true}]}}

<p>[et_pb_section fb_built=&#8220;1&#8243; _builder_version=&#8220;4.27.4&#8243; _module_preset=&#8220;default&#8220; global_colors_info=&#8220;{}&#8220;][et_pb_row _builder_version=&#8220;4.27.4&#8243; _module_preset=&#8220;default&#8220; global_colors_info=&#8220;{}&#8220;][et_pb_column type=&#8220;4_4&#8243; _builder_version=&#8220;4.27.4&#8243; _module_preset=&#8220;default&#8220; global_colors_info=&#8220;{}&#8220;][et_pb_heading title=&#8220;Ko-Labor im schwere reiter&#8220; _builder_version=&#8220;4.27.4&#8243; _module_preset=&#8220;default&#8220; title_font=&#8220;Bebas Neue||||||||&#8220; title_font_size=&#8220;80px&#8220; global_colors_info=&#8220;{}&#8220;][/et_pb_heading][et_pb_heading title=&#8220;Begegnung, Austausch, Einführung und Nachgespräche – zu Gast bei den Künstler*innen&#8220; _builder_version=&#8220;4.27.4&#8243; _module_preset=&#8220;default&#8220; title_level=&#8220;h2&#8243; title_font=&#8220;Bebas Neue||||||||&#8220; global_colors_info=&#8220;{}&#8220;][/et_pb_heading][et_pb_text _builder_version=&#8220;4.27.4&#8243; _module_preset=&#8220;default&#8220; text_font_size=&#8220;17px&#8220; text_orientation=&#8220;justified&#8220; global_colors_info=&#8220;{}&#8220;]</p>
<p><strong>FRÜHER KOMMEN – LÄNGER BLEIBEN! Zusammen mit den Künstler*innen kann das Publikum schon vor dem Konzert gedanklich in die Musik eintauchen, und im Anschluss auf der Coda-Couch mit anderen ins Gespräch kommen. Alles zwanglos, dafür umso persönlicher.</strong></p>
<p>Die Münchner Szene der zeitgenössischen Musik hat einen zentralen Ort in der Stadt: das schwere reiter ist nicht nur Heimat für avancierte und vielfältige Konzertprogramme, sondern auch ständiger Treffpunkt für viele Akteur*innen und ein neugieriges Publikum. Weil für das Publikum ein Konzerterlebnis bekanntlich nicht erst mit dem ersten Ton beginnt, sondern bereits mit Betreten des Foyers, schenken die Künstler*innen bei insgesamt 7 Konzerten dem Konzertrahmen besondere Aufmerksamkeit: ob inhaltlich-vermittelnde Einführungsformate, interdisziplinäre und interaktive Formen oder die Herstellung einer Wohnzimmeratmosphäre, in der sich Künstler*innen und Publikum über das Erlebte austauschen können.</p>
<p><span></span></p>
<p>[/et_pb_text][et_pb_text _builder_version=&#8220;4.27.4&#8243; _module_preset=&#8220;default&#8220; hover_enabled=&#8220;0&#8243; global_colors_info=&#8220;{}&#8220; sticky_enabled=&#8220;0&#8243;]</p>
<p>17.04.2026<br />mit Masako Ohta, Yamilé Cruz Montero und Ksenia Mykhailova</p>
<p>21.04.2026<br />mit Marina Schlagintweit</p>
<p>[/et_pb_text][et_pb_heading title=&#8220;In Kooperation mit&#8220; _builder_version=&#8220;4.27.4&#8243; _module_preset=&#8220;default&#8220; title_font=&#8220;Bebas Neue||||||||&#8220; custom_margin=&#8220;40px||-20px||false|false&#8220; global_colors_info=&#8220;{}&#8220;][/et_pb_heading][/et_pb_column][/et_pb_row][et_pb_row column_structure=&#8220;1_2,1_2&#8243; _builder_version=&#8220;4.27.4&#8243; _module_preset=&#8220;default&#8220; global_colors_info=&#8220;{}&#8220;][et_pb_column type=&#8220;1_2&#8243; _builder_version=&#8220;4.27.4&#8243; _module_preset=&#8220;default&#8220; global_colors_info=&#8220;{}&#8220;][et_pb_image src=&#8220;https://schwerereiter.de/wp-content/uploads/2025/02/20240630_Musikbu╠eroMuc_Horizontal-Bunt.png&#8220; title_text=&#8220;20240630_Musikbu╠êroMuc_Horizontal Bunt&#8220; url=&#8220;https://musikbueromuc.de/&#8220; _builder_version=&#8220;4.27.4&#8243; _module_preset=&#8220;default&#8220; width=&#8220;40%&#8220; global_colors_info=&#8220;{}&#8220;][/et_pb_image][/et_pb_column][et_pb_column type=&#8220;1_2&#8243; _builder_version=&#8220;4.27.4&#8243; _module_preset=&#8220;default&#8220; global_colors_info=&#8220;{}&#8220;][et_pb_image src=&#8220;https://schwerereiter.de/wp-content/uploads/2025/02/190214_scope_Logo_cmyk.jpg&#8220; title_text=&#8220;190214_scope_Logo_cmyk&#8220; _builder_version=&#8220;4.27.4&#8243; _module_preset=&#8220;default&#8220; width=&#8220;40%&#8220; global_colors_info=&#8220;{}&#8220;][/et_pb_image][/et_pb_column][/et_pb_row][/et_pb_section][et_pb_section fb_built=&#8220;1&#8243; _builder_version=&#8220;4.27.4&#8243; _module_preset=&#8220;default&#8220; background_color=&#8220;#000000&#8243; global_colors_info=&#8220;{}&#8220;][et_pb_row column_structure=&#8220;1_2,1_4,1_4&#8243; _builder_version=&#8220;4.27.4&#8243; _module_preset=&#8220;default&#8220; global_colors_info=&#8220;{}&#8220;][et_pb_column type=&#8220;1_2&#8243; _builder_version=&#8220;4.27.4&#8243; _module_preset=&#8220;default&#8220; global_colors_info=&#8220;{}&#8220;][et_pb_image src=&#8220;https://schwerereiter.de/wp-content/uploads/2025/10/haus_gefoerdert_weiss.png&#8220; title_text=&#8220;haus_gefoerdert_weiss&#8220; _builder_version=&#8220;4.27.4&#8243; _module_preset=&#8220;default&#8220; global_colors_info=&#8220;{}&#8220;][/et_pb_image][/et_pb_column][et_pb_column type=&#8220;1_4&#8243; _builder_version=&#8220;4.27.4&#8243; _module_preset=&#8220;default&#8220; global_colors_info=&#8220;{}&#8220;][et_pb_image src=&#8220;https://schwerereiter.de/wp-content/uploads/2025/10/18-pt-Pfade-Stadtbezirksbudget-BA-4-weiss-auf-schwarz.jpg&#8220; title_text=&#8220;18-pt-Pfade-Stadtbezirksbudget-BA-4 weiß auf schwarz&#8220; _builder_version=&#8220;4.27.4&#8243; _module_preset=&#8220;default&#8220; global_colors_info=&#8220;{}&#8220;][/et_pb_image][/et_pb_column][et_pb_column type=&#8220;1_4&#8243; _builder_version=&#8220;4.27.4&#8243; _module_preset=&#8220;default&#8220; global_colors_info=&#8220;{}&#8220;][et_pb_image src=&#8220;https://schwerereiter.de/wp-content/uploads/2025/10/18-pt-Pfade-Stadtbezirksbudget-BA-9-weiss-auf-schwarz.jpg&#8220; title_text=&#8220;18-pt-Pfade-Stadtbezirksbudget-BA-9 weiß auf schwarz&#8220; _builder_version=&#8220;4.27.4&#8243; _module_preset=&#8220;default&#8220; global_colors_info=&#8220;{}&#8220;][/et_pb_image][/et_pb_column][/et_pb_row][et_pb_row column_structure=&#8220;1_3,1_3,1_3&#8243; _builder_version=&#8220;4.27.4&#8243; _module_preset=&#8220;default&#8220; global_colors_info=&#8220;{}&#8220;][et_pb_column type=&#8220;1_3&#8243; _builder_version=&#8220;4.27.4&#8243; _module_preset=&#8220;default&#8220; global_colors_info=&#8220;{}&#8220;][et_pb_image src=&#8220;https://schwerereiter.de/wp-content/uploads/2025/10/Logo_DV_4-schwarz-auf-weiss.png&#8220; title_text=&#8220;Logo_DV_4 schwarz auf weiß&#8220; _builder_version=&#8220;4.27.4&#8243; _module_preset=&#8220;default&#8220; global_colors_info=&#8220;{}&#8220;][/et_pb_image][/et_pb_column][et_pb_column type=&#8220;1_3&#8243; _builder_version=&#8220;4.27.4&#8243; _module_preset=&#8220;default&#8220; global_colors_info=&#8220;{}&#8220;][et_pb_image src=&#8220;https://schwerereiter.de/wp-content/uploads/2025/10/cropped-MuechenIstKultur_Logo.png&#8220; title_text=&#8220;cropped-MuechenIstKultur_Logo&#8220; _builder_version=&#8220;4.27.4&#8243; _module_preset=&#8220;default&#8220; global_colors_info=&#8220;{}&#8220;][/et_pb_image][/et_pb_column][et_pb_column type=&#8220;1_3&#8243; _builder_version=&#8220;4.27.4&#8243; _module_preset=&#8220;default&#8220; global_colors_info=&#8220;{}&#8220;][et_pb_image src=&#8220;https://schwerereiter.de/wp-content/uploads/2025/10/flausenlogo-weiss-auf-schwarz.jpg&#8220; title_text=&#8220;flausenlogo weiß auf schwarz&#8220; _builder_version=&#8220;4.27.4&#8243; _module_preset=&#8220;default&#8220; global_colors_info=&#8220;{}&#8220;][/et_pb_image][/et_pb_column][/et_pb_row][/et_pb_section][et_pb_section fb_built=&#8220;1&#8243; fullwidth=&#8220;on&#8220; _builder_version=&#8220;4.27.4&#8243; _module_preset=&#8220;default&#8220; global_colors_info=&#8220;{}&#8220;][et_pb_fullwidth_menu menu_id=&#8220;11&#8243; _builder_version=&#8220;4.27.4&#8243; _module_preset=&#8220;default&#8220; menu_font_size=&#8220;19px&#8220; background_color=&#8220;gcid-secondary-color&#8220; text_orientation=&#8220;justified&#8220; global_colors_info=&#8220;{%22gcid-secondary-color%22:%91%22background_color%22%93}&#8220;][/et_pb_fullwidth_menu][/et_pb_section]</p>

<p>FRÜHER KOMMEN – LÄNGER BLEIBEN! Zusammen mit den Künstler*innen kann das Publikum schon vor dem Konzert gedanklich in die Musik eintauchen, und im Anschluss auf der Coda-Couch mit anderen ins [&hellip;]</p>
